What is the hundreds digit of 1144?
1
What is the hundreds digit of 53114?
1
What is the tens digit of 4411?
1
What is the units digit of 45689?
9
What is the tens digit of 7269?
6
What is the units digit of 6203?
3
What is the tens digit of 178?
7
What is the units digit of 197667?
7
What is the tens digit of 1943?
4
What is the hundreds digit of 11215?
2
What is the tens digit of 2077?
7
What is the hundreds digit of 2260?
2
What is the tens digit of 147?
4
What is the tens digit of 267?
6
What is the thousands digit of 66523?
6
What is the hundreds digit of 553?
5
What is the tens digit of 1381?
8
What is the tens digit of 539?
3
What is the thousands digit of 11559?
1
What is the units digit of 26157?
7
What is the ten thousands digit of 14675?
1
What is the units digit of 54954?
4
What is the tens digit of 325?
2
What is the tens digit of 2737?
3
What is the thousands digit of 1422?
1
What is the hundreds digit of 63927?
9
What is the hundreds digit of 43858?
8
What is the tens digit of 2355?
5
What is the tens digit of 353?
5
What is the hundreds digit of 6792?
7
What is the tens digit of 48792?
9
What is the units digit of 516?
6
What is the tens digit of 2234?
3
What is the tens digit of 18479?
7
What is the tens digit of 3020?
2
What is the tens digit of 18826?
2
What is the ten thousands digit of 82244?
8
What is the thousands digit of 2408?
2
What is the thousands digit of 91776?
1
What is the thousands digit of 12651?
2
What is the ten thousands digit of 15110?
1
What is the hundreds digit of 330?
3
What is the hundreds digit of 17977?
9
What is the tens digit of 1444?
4
What is the units digit of 1578?
8
What is the ten thousands digit of 21488?
2
What is the thousands digit of 3848?
3
What is the units digit of 5320?
0
What is the thousands digit of 5337?
5
What is the hundreds digit of 836?
8
What is the hundreds digit of 827?
8
What is the hundreds digit of 3404?
4
What is the units digit of 172?
2
What is the tens digit of 34003?
0
What is the units digit of 37591?
1
What is the units digit of 1399?
9
What is the units digit of 96110?
0
What is the tens digit of 7930?
3
What is the thousands digit of 1886?
1
What is the ten thousands digit of 38506?
3
What is the units digit of 81104?
4
What is the tens digit of 1492?
9
What is the units digit of 83662?
2
What is the hundreds digit of 434?
4
What is the hundreds digit of 58730?
7
What is the hundreds digit of 630?
6
What is the hundreds digit of 7816?
8
What is the thousands digit of 3729?
3
What is the ten thousands digit of 12811?
1
What is the ten thousands digit of 12006?
1
What is the units digit of 28?
8
What is the units digit of 1924?
4
What is the tens digit of 8495?
9
What is the units digit of 595?
5
What is the thousands digit of 22666?
2
What is the hundreds digit of 1007?
0
What is the hundreds digit of 28654?
6
What is the tens digit of 1910?
1
What is the thousands digit of 26338?
6
What is the hundreds digit of 4316?
3
What is the hundreds digit of 6436?
4
What is the units digit of 2044?
4
What is the hundreds digit of 3417?
4
What is the units digit of 313?
3
What is the units digit of 22775?
5
What is the units digit of 716?
6
What is the thousands digit of 2859?
2
What is the tens digit of 1415?
1
What is the units digit of 2948?
8
What is the thousands digit of 6255?
6
What is the tens digit of 4845?
4
What is the hundreds digit of 23250?
2
What is the tens digit of 5175?
7
What is the units digit of 4371?
1
What is the thousands digit of 15552?
5
What is the tens digit of 33698?
9
What is the units digit of 857?
7
What is the tens digit of 6183?
8
What is the thousands digit of 48273?
8
What is the tens digit of 21370?
7
What is the ten thousands digit of 16297?
1
What is the units digit of 576?
6
What is the units digit of 1050?
0
What is the thousands digit of 4249?
4
What is the hundreds digit of 1005?
0
What is the units digit of 54124?
4
What is the tens digit of 187?
8
What is the hundreds digit of 391?
3
What is the units digit of 63923?
3
What is the units digit of 1056?
6
What is the thousands digit of 59430?
9
What is the tens digit of 2609?
0
What is the units digit of 88117?
7
What is the tens digit of 3243?
4
What is the tens digit of 579?
7
What is the tens digit of 6993?
9
What is the tens digit of 1587?
8
What is the hundreds digit of 8625?
6
What is the units digit of 884?
4
What is the thousands digit of 60989?
0
What is the hundreds digit of 158578?
5
What is the hundreds digit of 5020?
0
What is the tens digit of 679?
7
What is the tens digit of 286?
8
What is the hundreds digit of 1258?
2
What is the units digit of 5559?
9
What is the hundred thousands digit of 101149?
1
What is the thousands digit of 31269?
1
What is the thousands digit of 2896?
2
What is the hundreds digit of 31821?
8
What is the thousands digit of 4731?
4
What is the tens digit of 210?
1
What is the tens digit of 327?
2
What is the thousands digit of 1649?
1
What is the thousands digit of 1670?
1
What is the tens digit of 11592?
9
What is the units digit of 221?
1
What is the units digit of 14552?
2
What is the hundreds digit of 111721?
7
What is the ten thousands digit of 22723?
2
What is the units digit of 1200?
0
What is the hundreds digit of 7226?
2
What is the hundreds digit of 617?
6
What is the thousands digit of 4639?
4
What is the units digit of 10992?
2
What is the units digit of 41606?
6
What is the units digit of 3550?
0
What is the thousands digit of 9872?
9
What is the units digit of 148966?
6
What is the thousands digit of 37776?
7
What is the units digit of 3404?
4
What is the thousands digit of 8197?
8
What is the tens digit of 3053?
5
What is the hundreds digit of 1437?
4
What is the tens digit of 184497?
9
What is the hundreds digit of 24585?
5
What is the hundreds digit of 17937?
9
What is the units digit of 7120?
0
What is the thousands digit of 1289?
1
What is the thousands digit of 71946?
1
What is the units digit of 12556?
6
What is the thousands digit of 2239?
2
What is the units digit of 58214?
4
What is the ten thousands digit of 15550?
1
What is the hundreds digit of 1936?
9
What is the units digit of 888?
8
What is the thousands digit of 70045?
0
What is the tens digit of 3605?
0
What is the hundreds digit of 82360?
3
What is the hundreds digit of 289?
2
What is the units digit of 4602?
2
What is the tens digit of 1883?
8
What is the units digit of 1567?
7
What is the units digit of 13418?
8
What is the hundreds digit of 15540?
5
What is the thousands digit of 13182?
3
What is the tens digit of 56119?
1
What is the thousands digit of 1905?
1
What is the thousands digit of 88221?
8
What is the ten thousands digit of 45201?
4
What is the tens digit of 60769?
6
What is the tens digit of 973?
7
What is the units digit of 6870?
0
What is the units digit of 721?
1
What is the tens digit of 38736?
3
What is the tens digit of 16132?
3
What is the tens digit of 5485?
8
What is the thousands digit of 1024?
1
What is the tens digit of 37106?
0
What is the units digit of 5214?
4
What is the tens digit of 556?
5
What is the tens digit of 132?
3
What is the hundreds digit of 11504?
5
What is the units digit of 2329?
9
What is the ten thousands digit of 36010?
3
What is the tens digit of 8106?
0
What is the hundreds digit of 652?
6
What is the units digit of 65632?
2
What is the units digit of 1679?
9
What is the thousands digit of 31513?
1
What is the ten thousands digit of 32498?
3
What is the hundreds digit of 2462?
4
What is the thousands digit of 3323?
3
What is the tens digit of 11918?
1
What is the tens digit of 4230?
3
What is the thousands digit of 1629?
1
What is the units digit of 9901?
1
What is the units digit of 8709?
9
What is the tens digit of 16083?
8
What is the units digit of 1773?
3
What is the tens digit of 21397?
9
What is the tens digit of 141422?
2
What is the units digit of 1557?
7
What is the tens digit of 827?
2
What is the units digit of 2192?
2
What is the hundreds digit of 14596?
5
What is the thousands digit of 4250?
4
What is the thousands digit of 1066?
1
What is the ten thousands digit of 10460?
1
What is the tens digit of 390?
9
What is the hundreds digit of 1994?
9
What is the hundreds digit of 425?
4
What is 